t is the remainder when 138 is divided by (-278)/(-10) + m/15?
26
Let w = 66 + -118. Let n = w + 13. Let g = n - -51. What is the remainder when 57 is divided by g?
9
Suppose 23*p - 9 = 22*p. Let h be (p/(-21))/(8/(-56)). Let t = 27 + h. What is the remainder when 88 is divided by t?
28
Let t(x) = 13*x**2 + 103*x - 68. What is the remainder when t(-11) is divided by 39?
21
What is the remainder when 2079 is divided by 406 + ((-990)/54 - -18) + (-56)/(-6)?
4
Suppose 59*t - 3800 = 44*t + 18730. What is the remainder when t is divided by 167?
166
Let j(x) = 8*x - 1. Let h = 5933 + -5856. Calculate the remainder when h is divided by j(5).
38
Suppose -19 = -2*p + 5*a, -2*a = -3 + 1. Suppose 0 = -4*r - r + 20. Let s(k) = 8*k. What is the remainder when s(r) is divided by p?
8
Suppose 203*w - 184898 = -9*w + 103422. Calculate the remainder when w is divided by 18.
10
Let s(y) = 23751*y + 213806. Let l be 4/(-10) + (-1047)/(-5). Let m = l + -119. Calculate the remainder when m is divided by s(-9).
43
Suppose 49*g + 145 - 1421 = -51. What is the remainder when 171 is divided by g?
21
Suppose 2*q + 2 = 22. Let j = -6 + q. Suppose -j*l = -3*l + 2*u - 49, -4*l + 189 = u. Calculate the remainder when l is divided by 26.
21
Suppose -d = 3, 15*i - 11*i = -d - 139. Let f = 276 + i. Calculate the remainder when f is divided by 49.
46
Let b = -967 - -989. Let v = 3 + -1. Suppose -i = v*i - 123. Calculate the remainder when i is divided by b.
19
Let t(m) = -m**3 - 94*m**2 - 363*m + 88. Let z = 36 - -54. What is the remainder when t(-90) is divided by z?
88
Let t = 290 - 281. Suppose t*l = -l + 80. What is the remainder when l is divided by 7?
1
Let z(c) = c**3 - 9*c**2 + 2*c + 6. Let o be z(10). Suppose v - o = -3*b, -20*v + 15*v - 67 = -2*b. Calculate the remainder when 119 is divided by b.
37
Suppose 0 = 3*w + 229 + 35. Let q be -1 - w - 75/25. Let h = q - 82. What is the remainder when h is divided by 2?
0
Let h(j) = -j**3 - 6*j**2 + 25*j + 154. What is the remainder when 318 is divided by h(-8)?
72
Let v = -566 - -579. Let t(z) = -37 - z**2 + 16*z + 0*z**2 + 11. What is the remainder when 31 is divided by t(v)?
5
Let c = -3337 - -3882. What is the remainder when 1135 is divided by c?
45
What is the remainder when -8 - (-119933)/55 - (-6)/(-10) is divided by 32?
28
Let r = -88 - -91. Suppose -2*n + r = -55. Suppose -2*s = 5 - 37. What is the remainder when n is divided by s?
13
Let b(x) = -2*x**3 + x**2 + 2. Let s be b(0). Suppose 2*r - 8 - s = -3*f, -5*r = 3*f - 16. Calculate the remainder when -1*(-36 - f) - -3 is divided by 21.
20
Let r be (-4)/7 - 24228/(-63). Suppose -8*q + r = 8*q. What is the remainder when 141 is divided by q?
21
Let f = 7383 - 7268. Calculate the remainder when 117 is divided by f.
2
Suppose -n = 2*j - 193 - 85, -2*n - 572 = -4*j. Calculate the remainder when 310 is divided by j.
28
Suppose q - 45 = -2*l, -l = q + 3*l - 49. Let m(t) = -58*t - 271. What is the remainder when m(-7) is divided by q?
12
Let d(u) = -8*u - 12. Let n be d(-2). Suppose 5*v = 2*h + 72 + 738, 0 = 2*v - n*h - 308. What is the remainder when v is divided by 83?
81
Let w(q) = -3*q**3 + 2*q**2 + 6*q + 4. Suppose b + 2 = 2*r, -b - 3*r = -0 + 2. Calculate the remainder when 261 is divided by w(b).
21
Let i = -40 + 45. Suppose -30 = -i*d - d. Suppose 42 - 2 = d*l. What is the remainder when 26 is divided by l?
2
Calculate the remainder when (135 - 136)/((-2)/1058) is divided by 76.
73
Suppose 12*u = -0*u + 3876 + 2364. Calculate the remainder when u is divided by 145.
85
Suppose 0 = -1245*m + 1047*m + 11682. Calculate the remainder when 14572 is divided by m.
58
Let o(v) = -7*v + 8*v**2 + v - 9*v + 4 + 6*v. Calculate the remainder when o(2) is divided by (4 - 3) + 11 - 2.
8
Suppose w - 3*a - 13 = 0, -6*w - 6*a + 158 = -8*a. Suppose -35*t + w*t = -2569. What is the remainder when t is divided by 53?
49
Let k be 1/((-5)/((-120)/68) - 3). Calculate the remainder when 152 is divided by 2*(10/k)/((-6)/72).
32
Suppose 2*w - 43 = -5*y - 1, y - 2 = -2*w. What is the remainder when y is divided by 5/3*12/4?
0
Suppose -4*a + 2*v + 82 = -70, 2*v - 114 = -3*a. Let o(i) = i**2 + 22*i - 30. Let y be o(-19). Let k = -77 - y. Calculate the remainder when a is divided by k.
8
Suppose 5*u - 5*g + 1 = -4, 4*g - 22 = -2*u. Suppose -2*j - d - 2*d + 29 = 0, -u*j + 63 = -2*d. What is the remainder when 113 is divided by j?
18
Let x = 76 - 68. Suppose -x*b - 130 = -6*b. What is the remainder when 174 is divided by (-1)/((-26)/4) - 2265/b?
34
Let r = -151 - -186. Suppose 4*m = -13 + 33. Suppose -4*f = b - 13, 39 = 4*b - b + m*f. Calculate the remainder when r is divided by b.
9
Suppose 2*q = -3*q + 130. What is the remainder when 12/(-9) - (10 - 3328/39) is divided by q?
22
Calculate the remainder when 48/(-64) + ((-14538)/(-30))/((-4)/(-5)) is divided by 34.
27
Let k = -15 + 14. Let p(c) = c**3 + 3*c**2 + 4*c + 2. Let o be p(k). Suppose -3*a + 1 = -4*a, o = x + a - 17. What is the remainder when 33 is divided by x?
15
Let r(n) = -n**3 + 8*n**2 + 90*n + 10. Calculate the remainder when 3103 is divided by r(-7).
113
Suppose 6*a - 448 = -2*a. What is the remainder when a is divided by (228/95)/((-1)/(-5))?
8
Suppose 4*s + 8*t - 5*t = 1354, 0 = -3*t - 30. What is the remainder when s is divided by 71/5 + 6/(-30)?
10
Suppose d + 4 = 3*r - 246, -150 = -2*r + 4*d. Suppose -92*c + 87*c + 230 = 0. Suppose -c*f + 40*f = -132. What is the remainder when r is divided by f?
19
Suppose -31*j + 28*j + 84 = 4*l, 2*j = -8. Calculate the remainder when 6167 is divided by l.
23
Let i(g) = -g**2 + 83*g - 1294. What is the remainder when 3935 is divided by i(62)?
7
Let h(k) = 8*k**3 + 15*k**2 - 29*k + 15. What is the remainder when 1170 is divided by h(2)?
36
Let r = 8189 + -6684. What is the remainder when r is divided by 11?
9
Let z = 5693 - 5598. Calculate the remainder when z is divided by 29.
8
Suppose -84 = -s - 4*v, -5*v + 280 = 4*s - 1. Calculate the remainder when 636 is divided by s.
60
Suppose -3*y - 5*j = -9, -3 + 4 = y + j. Let d(m) = 3*m + 10. Calculate the remainder when 51 is divided by d(y).
3
Let p = 24 + -20. Suppose -11*v + 10*v + p*w = -33, -w = 3*v - 125. Calculate the remainder when v is divided by 11.
8
Let y be (-1)/5 - 315/(-75). Suppose 4*w = m + 94, 4*w = -y*m - 10 + 114. Let x = 2356 - 2268. Calculate the remainder when x is divided by w.
16
Suppose 0*h + 5*h = 2*p - 6, 5*p - 15 = 4*h. Suppose -w = q + 4*q - 77, 231 = p*w - 3*q. Calculate the remainder when w is divided by 20.
17
Let c = 2 + 16. Let d = -331 - -129. Let p = -198 - d. Calculate the remainder when c is divided by p.
2
Let v = 27 - 21. Let l(h) = h - 12. Let i be l(9). What is the remainder when 136/6 - ((-4)/i)/2 is divided by v?
4
Let u = -14368 + 14575. Let w = 33 + -23. What is the remainder when u is divided by w?
7
Let a(r) = r**3 + 13*r**2 + 46*r + 93. Suppose -v - 2*v = h - 53, 3*h = -3*v + 57. What is the remainder when a(-7) is divided by v?
14
Let z be 6/(-2)*4/(-6). Calculate the remainder when -2 - (-226 - 0)/z is divided by ((-3)/(45/(-1380)))/4.
19
Suppose 21*h + 92 = 19*h + 2*x, 4*x = -h - 61. Let v = 101 + h. What is the remainder when v is divided by 40?
12
Let j be (6/4)/((-49)/52 + 1). Suppose 0 = j*k - 12*k - 238. Calculate the remainder when 47 is divided by k.
13
Suppose 3*p - 242 = 2*c, -372*c - 183 = -2*p - 375*c. Calculate the remainder when 246 is divided by p.
78
Let z = 1025 + -708. Let c = z - 247. Let v = -7 + 20. What is the remainder when c is divided by v?
5
Suppose 2*v + 2212 = h, -23 = -h + 3*v + 2191. Calculate the remainder when h is divided by 67.
64
Suppose l - 52 = -3*l. Let w(y) = -6*y**3 + 2*y**2 + 8*y. Let v be w(-7). Calculate the remainder when (-4)/22 + v/55 is divided by l.
12
Suppose 2*o - 1952 = -h - 664, 0 = o - 3*h - 651. Calculate the remainder when o is divided by 82.
71
Let g = -6430 - -6463. What is the remainder when 109 is divided by g?
10
Let n(x) = -x**2 - 19*x - 14. Let t(c) = -c**2 + 8*c + 10. Let s be t(9). Let v be s/((4/1)/(-68)). Calculate the remainder when 77 is divided by n(v).
17
Let c(v) = -36*v + 2259. What is the remainder when 464 is divided by c(59)?
59
Suppose j - 106 = -5*o, 3*o - 2*j + 51 = 125. Suppose -o*k + 566 + 1260 = 0. Calculate t